{"id":30,"date":"2012-06-02T14:59:52","date_gmt":"2012-06-02T14:59:52","guid":{"rendered":"https:\/\/lss.ics.upjs.sk\/?page_id=30"},"modified":"2019-05-15T14:06:01","modified_gmt":"2019-05-15T12:06:01","slug":"registracia","status":"publish","type":"page","link":"https:\/\/lss.ics.upjs.sk\/?page_id=30","title":{"rendered":"Registr\u00e1cia"},"content":{"rendered":"<div align=\"center\"><strong>Registr\u00e1cia za\u010d\u00edna 1.6.2019 o 20:00:00.<\/strong><\/div>\n<div align=\"center\"><iframe loading=\"lazy\" src=\"https:\/\/lss.ics.upjs.sk\/registracia\/\" width=\"600\" height=\"800\" frameborder=\"0\"><\/iframe><\/div>\n","protected":false},"excerpt":{"rendered":"<p>Registr\u00e1cia za\u010d\u00edna 1.6.2019 o 20:00:00.<\/p>\n","protected":false},"author":1,"featured_media":0,"parent":0,"menu_order":5,"comment_status":"closed","ping_status":"open","template":"","meta":[],"_links":{"self":[{"href":"https:\/\/lss.ics.upjs.sk\/index.php?rest_route=\/wp\/v2\/pages\/30"}],"collection":[{"href":"https:\/\/lss.ics.upjs.sk\/index.php?rest_route=\/wp\/v2\/pages"}],"about":[{"href":"https:\/\/lss.ics.upjs.sk\/index.php?rest_route=\/wp\/v2\/types\/page"}],"author":[{"embeddable":true,"href":"https:\/\/lss.ics.upjs.sk\/index.php?rest_route=\/wp\/v2\/users\/1"}],"replies":[{"embeddable":true,"href":"https:\/\/lss.ics.upjs.sk\/index.php?rest_route=%2Fwp%2Fv2%2Fcomments&post=30"}],"version-history":[{"count":24,"href":"https:\/\/lss.ics.upjs.sk\/index.php?rest_route=\/wp\/v2\/pages\/30\/revisions"}],"predecessor-version":[{"id":207,"href":"https:\/\/lss.ics.upjs.sk\/index.php?rest_route=\/wp\/v2\/pages\/30\/revisions\/207"}],"wp:attachment":[{"href":"https:\/\/lss.ics.upjs.sk\/index.php?rest_route=%2Fwp%2Fv2%2Fmedia&parent=30"}],"curies":[{"name":"wp","href":"https:\/\/api.w.org\/{rel}","templated":true}]}}